 remainder when h(-8) is divided by f?
2
Let z(k) = -k**2 - k - 7. Let w be z(0). Let o = w - -24. Let u = -43 - -92. What is the remainder when u is divided by o?
15
Let y = -38 + 52. What is the remainder when 1/3 + (-632)/(-12) is divided by y?
11
Suppose -4*l - 11 = -75. Suppose -2*o - 1 = 21. Let p = o + l. What is the remainder when 8 is divided by p?
3
Let u = 0 - -2. Suppose 21 = u*j - j. Calculate the remainder when j is divided by 11.
10
Let k(u) = u**2 + 6*u + 6. Let c be k(-7). What is the remainder when 2/c + (-648)/(-13) is divided by 13?
11
Let m be 0*(3/6 - 1). Let a(j) = -j**3 + j + 8. Let d be a(m). Let f = d - -8. What is the remainder when 46 is divided by f?
14
Let h = -6 + 11. Let r(n) = -n + 2. Let i be r(h). Calculate the remainder when 3/i - (-58 + 1) is divided by 19.
18
Calculate the remainder when -2*11*15/(-6) is divided by 19.
17
Let d(r) = -r**2 + 9*r - 9. Let n be d(7). What is the remainder when 2 - (4 - (-168)/(-4)) is divided by (-1)/n - (-71)/5?
12
Suppose 3*m - 5*m = -30. What is the remainder when m is divided by 6?
3
Let n = 0 + -16. Let o = 14 - n. Suppose -4*r - 5*j + 79 = 0, 7*r - 2*j - 58 = 3*r. Calculate the remainder when o is divided by r.
14
Calculate the remainder when 23 is divided by 166/18 + (-8)/36.
5
Let v be 1/4 - 2/8. Suppose 3*k = 21 - v. Calculate the remainder when 13 is divided by k.
6
Suppose -5*v = -x + 27, 2*x + 41 = 5*x - 5*v. Let j = 54 - 42. Calculate the remainder when j is divided by x.
5
Let v(d) = 7*d - 1. Let i be v(3). Suppose 3*f = -f + i. Suppose -29 - f = -t. Calculate the remainder when t is divided by 12.
10
Suppose q = -0*q + 5. Suppose -88 = i - 12*i. What is the remainder when i is divided by q?
3
Suppose 290 = -3*r + 8*r. What is the remainder when r is divided by 12?
10
Suppose 0 = -2*y - 2*y + 36. What is the remainder when 33 is divided by y?
6
Let a be 26/(-4)*(3 + -1). What is the remainder when 34 is divided by -1 + 3 + (-3 - a)?
10
Suppose 0*u + 6 = 3*u. Calculate the remainder when 9 is divided by u.
1
Suppose -14*m + 147 = -11*m. What is the remainder when m is divided by 17?
15
Suppose -11 + 0 = -i. Calculate the remainder when 21 is divided by i.
10
Let k = 48 + -81. Let n be 1*(0 + 2) - -3. Let c = n - k. Calculate the remainder when c is divided by 20.
18
Let f = 0 - 1. Calculate the remainder when 44 + 2*f/2 is divided by 11.
10
Suppose 15 = -3*w, -q - 5*w = q - 113. Let k = q + -48. Calculate the remainder when k is divided by 6.
3
Let h be (-2)/(2/3) + 0. Let p be ((-38)/(-1))/(3/h). Let j = 53 + p. What is the remainder when 44 is divided by j?
14
Suppose 0 = 3*h + 5*f - 66, 5*f + 80 = 4*h + 9*f. What is the remainder when 201 is divided by h?
14
Suppose -4*x = -5*d - x - 116, 2*d + 5*x = -34. Let l = d + 33. Suppose -p + l = -5. Calculate the remainder when 31 is divided by p.
15
Calculate the remainder when 426/4*(-2 - 50/(-15)) is divided by 48.
46
Let s = 1 + 12. Suppose 5*p + 10 = 5*g, 0*p - 4*p + 19 = 5*g. Suppose -g*u = -8*u + 25. Calculate the remainder when s is divided by u.
3
Let g(v) be the first derivative of 2*v**2 - 5*v - 1. What is the remainder when g(5) is divided by 6?
3
Suppose 2*k + 8 = -4*g + 2, 0 = -5*g - 4*k - 12. Suppose w + w = -3*c + 31, 2*c - 2*w = 4. Suppose g*i + i = c. Calculate the remainder when 20 is divided by i.
6
Suppose -4*z + 7*r - 2*r - 98 = 0, -2*z - 5*r = 64. Let m = z - -37. Suppose -4*q = q - 20. What is the remainder when m is divided by q?
2
Let q = 64 - 38. Calculate the remainder when 155 is divided by q.
25
Let m(k) = k**3 + 8*k**2 + 7*k - 9. Let z(x) = -4*x**3 - 24*x**2 - 22*x + 26. Let w(q) = 7*m(q) + 2*z(q). Calculate the remainder when w(8) is divided by 10.
9
Let d = 1 + 4. Suppose -5*z = 5*y - 105, -3*y + 16 = d*z - 55. Suppose -2*s + 87 = 23. Calculate the remainder when s is divided by y.
15
Let i(u) = 5*u + 4. Suppose 3*n + 49 = 4*z, -n + 1 = -0. What is the remainder when i(4) is divided by z?
11
Calculate the remainder when 1 + (6 + 3)/3 is divided by (-4)/(-1*(1 + 1)).
0
Suppose -2*u + 27 = 3*b, -2*b - 4*u + 20 = -2*u. Suppose 3*q - 90 = i, 160 = 5*q - 7*i + 2*i. Calculate the remainder when q is divided by 6/3 + b - -1.
9
Suppose 7 - 17 = -j. What is the remainder when 19 is divided by j?
9
Suppose 0 = 5*f + 4*u - 42, 4*u + u = -f. Suppose 4*p = -2*p + 24. Calculate the remainder when f is divided by p.
2
Let x be 1/(-4) + 34/8. Let o(h) = -2 + 0*h + 0*h - x*h. What is the remainder when 18 is divided by o(-3)?
8
Let l = 2 - -7. Let r = l + 0. Calculate the remainder when 17 is divided by r.
8
Suppose -1 = 4*w - 5. Suppose 3*a + 32 = 2*m, m = -5*a - m - 32. Calculate the remainder when (-1 + w/2)*a is divided by 3.
1
Let n(y) = -22*y + 185. What is the remainder when (44/(-6))/(2/(-33)) is divided by n(7)?
28
Let y = 9 - 6. Suppose 5*s = -0*m + 4*m - 36, -2*m - 5*s = 12. Suppose -m = -2*v - 0*f + 2*f, 0 = v + 5*f - 32. Calculate the remainder when v is divided by y.
1
Suppose 0 = -4*h + f - 3, 8 = 2*h + 2*f + 2. Suppose 27 = 3*a - h. Calculate the remainder when a is divided by 3.
0
Let b be -19*(1 + 0/(-3)). Let m = -9 - b. Calculate the remainder when 37 is divided by m.
7
Let c(q) = q**3 - 4*q**2 - 6*q + 7. Let p be c(5). Let k be ((-1)/2)/(p/24). Let n = 18 + k. What is the remainder when 23 is divided by n?
11
Suppose 2*m - m - 16 = 0. Suppose 0 = 98*i - 110*i + 348. What is the remainder when i is divided by m?
13
What is the remainder when 207 is divided by (-2 - -3)*(-189)/(-9)?
18
Let q(k) = -3*k**3 + 2*k**2 + 3*k + 1. What is the remainder when 2/3 - 7/(-3) is divided by q(-1)?
0
Calculate the remainder when 338/10 + 5/25 is divided by 9.
7
Let b(t) = -t + 8. Let j be b(6). Let l(p) = -5*p - 6. Let g(r) = -9*r - 11. Let a(n) = 6*g(n) - 11*l(n). Calculate the remainder when 5 is divided by a(j).
1
Let b(x) = -x**3 + 2*x**2 - x - 1. Let i = 11 + 5. Calculate the remainder when b(-3) is divided by i.
15
What is the remainder when -1 + 1/1*31 is divided by 7*2/(-35) + 164/10?
14
Let z(y) = y**3 - 2*y**2 + 2*y - 3. Let w be z(3). Suppose 27 = 4*p - 3*r - 20, -p + w = -r. What is the remainder when p is divided by 6?
5
Let y be ((-7)/2 - -1)*-2. Suppose y*q - 50 = z, 17 = 4*q + 2*z - 37. Suppose -98 - 2 = -5*x. What is the remainder when x is divided by q?
9
Let n(y) = -15*y + 1. Let g(d) = d**3 + 7*d**2 - 3*d + 1. Let v be g(-6). Suppose -f + v = 4*f. Calculate the remainder when n(-2) is divided by f.
9
Suppose y = 64 - 5. What is the remainder when y is divided by 10?
9
Suppose 2*d - b - 48 = 0, -4*d + 84 = 5*b - 12. Let q(o) = 3*o - 5. What is the remainder when d is divided by q(6)?
11
Let g be 4/18 + 237/27. Suppose -5*s + 178 = n - 64, g = -3*n. Suppose 3*h - 2*y = 53, -5*h + 33 + 54 = -2*y. What is the remainder when s is divided by h?
15
Suppose -5*l + 5*f + 65 = 0, 0*l = -2*l + 4*f + 28. What is the remainder when 34 is divided by l?
10
Suppose h + 3*h - 1088 = 0. Calculate the remainder when h is divided by 21.
20
Let v = -67 - -74. What is the remainder when 26 is divided by v?
5
Let q = 12 + -3. Suppose -27 - 17 = -4*z + 4*w, -q = -3*z - 5*w. Calculate the remainder when z is divided by 43/9 - (-2)/9.
3
Let a(i) = -8*i**3 + i**2 - 2*i. Let k be a(2). Let p = 284 + -191. Let c = k + p. What is the remainder when c is divided by 10?
9
Let r = 105 - 72. Calculate the remainder when r is divided by 18.
15
Let l = -22 + 37. What is the remainder when 42 is divided by l?
12
Let s = 52 + -40. What is the remainder when s is divided by 8?
4
What is the remainder when 37 is divided by 2/((-4)/(-29)) + (-6)/12?
9
Suppose 3*l - 679 = -5*g, -g - 3*l + 127 = 2*l. What is the remainder when g is divided by 14?
11
Suppose 65*r = 70*r - 915. Calculate the remainder when r is divided by 46.
45
Let l(a) = a**2 + a + 7. Let k be l(-7). Suppose -4*s = -5*p - k, -3*p = -3*s - 0*p + 33. Calculate the remainder when 97/6 + (-1)/s is divided by 6.
4
Let c = 10 - -3. Calculate the remainder when c is divided by 5.
3
Suppose -16*u = -13*u - 48. Suppose -3*t = -4*n - 79, -4*n + 35 = t - n. What is the remainder when t is divided by u?
13
Let a(b) = -b**3 - 3*b**2 + 7*b - 16. Calculate the remainder when a(-7) is divided by 22.
21
Let h = 19 + -16. Let z(x) = -x**3 + 6*x**2 - 2*x - 1. What is 